{"id":31,"date":"2014-07-09T12:19:09","date_gmt":"2014-07-09T10:19:09","guid":{"rendered":"http:\/\/die-fairleiher.de\/?page_id=31"},"modified":"2018-01-23T12:14:33","modified_gmt":"2018-01-23T10:14:33","slug":"stromversorgung","status":"publish","type":"page","link":"https:\/\/die-fairleiher.de\/?page_id=31","title":{"rendered":"Stromversorgung"},"content":{"rendered":"<p>F\u00fcr Ihre Veranstaltungen k\u00f6nnen sie bei uns auch verschiedene Ger\u00e4te zur Stromversorgung ausleihen, u.a.<br \/>\n&#8211; Fluter-Licht mit Staitv<br \/>\n&#8211; Lichterkette<br \/>\n&#8211; Kabeltrommel<\/p>\n","protected":false},"excerpt":{"rendered":"<p>F\u00fcr Ihre Veranstaltungen k\u00f6nnen sie bei uns auch verschiedene Ger\u00e4te zur Stromversorgung ausleihen, u.a. &#8211; Fluter-Licht mit Staitv &#8211; Lichterkette &#8211; Kabeltrommel<\/p>\n","protected":false},"author":3,"featured_media":0,"parent":22,"menu_order":40,"comment_status":"closed","ping_status":"open","template":"","meta":{"footnotes":""},"class_list":["post-31","page","type-page","status-publish","hentry"],"_links":{"self":[{"href":"https:\/\/die-fairleiher.de\/index.php?rest_route=\/wp\/v2\/pages\/31","targetHints":{"allow":["GET"]}}],"collection":[{"href":"https:\/\/die-fairleiher.de\/index.php?rest_route=\/wp\/v2\/pages"}],"about":[{"href":"https:\/\/die-fairleiher.de\/index.php?rest_route=\/wp\/v2\/types\/page"}],"author":[{"embeddable":true,"href":"https:\/\/die-fairleiher.de\/index.php?rest_route=\/wp\/v2\/users\/3"}],"replies":[{"embeddable":true,"href":"https:\/\/die-fairleiher.de\/index.php?rest_route=%2Fwp%2Fv2%2Fcomments&post=31"}],"version-history":[{"count":6,"href":"https:\/\/die-fairleiher.de\/index.php?rest_route=\/wp\/v2\/pages\/31\/revisions"}],"predecessor-version":[{"id":125,"href":"https:\/\/die-fairleiher.de\/index.php?rest_route=\/wp\/v2\/pages\/31\/revisions\/125"}],"up":[{"embeddable":true,"href":"https:\/\/die-fairleiher.de\/index.php?rest_route=\/wp\/v2\/pages\/22"}],"wp:attachment":[{"href":"https:\/\/die-fairleiher.de\/index.php?rest_route=%2Fwp%2Fv2%2Fmedia&parent=31"}],"curies":[{"name":"wp","href":"https:\/\/api.w.org\/{rel}","templated":true}]}}