{"id":25,"date":"2014-07-09T12:18:07","date_gmt":"2014-07-09T10:18:07","guid":{"rendered":"http:\/\/die-fairleiher.de\/?page_id=25"},"modified":"2018-01-23T12:10:47","modified_gmt":"2018-01-23T10:10:47","slug":"fahrzeuge","status":"publish","type":"page","link":"http:\/\/die-fairleiher.de\/?page_id=25","title":{"rendered":"Fahrzeuge"},"content":{"rendered":"<div id=\"attachment_61\" style=\"width: 1034px\" class=\"wp-caption alignnone\"><a href=\"http:\/\/die-fairleiher.de\/wp-content\/uploads\/2014\/07\/Bus.png\"><img loading=\"lazy\" decoding=\"async\" aria-describedby=\"caption-attachment-61\" class=\" wp-image-61 \" alt=\"Mercedes Vito\" src=\"http:\/\/die-fairleiher.de\/wp-content\/uploads\/2014\/07\/Bus.png\" width=\"1024\" height=\"768\" srcset=\"http:\/\/die-fairleiher.de\/wp-content\/uploads\/2014\/07\/Bus.png 1024w, http:\/\/die-fairleiher.de\/wp-content\/uploads\/2014\/07\/Bus-300x225.png 300w, http:\/\/die-fairleiher.de\/wp-content\/uploads\/2014\/07\/Bus-400x300.png 400w\" sizes=\"auto, (max-width: 1024px) 100vw, 1024px\" \/><\/a><p id=\"caption-attachment-61\" class=\"wp-caption-text\">Mercedes Vito, 9-sitzer f\u00fcr Personentransport<\/p><\/div>\n<p><strong>Mercedes Vito<\/strong><br \/>\nKennzeichen: S- JR 29<br \/>\n9 Sitzer, Sitzordnung 3 &#8211; 3 &#8211; 3<br \/>\nca. 1 m Ladefl\u00e4che<br \/>\n<strong>mit<\/strong> Anh\u00e4ngerkupplung<br \/>\nAuf Anfrage mit Schneeketten<br \/>\nSitze k\u00f6nnen nicht ausgebaut werden, das Fahrzeug steht nur als Personentransporter zur Verf\u00fcgung.<\/p>\n<p><strong>Mercedes Sprinter<\/strong><br \/>\nKennzeichen: S- JR 19<br \/>\n9 Sitzer, Sitzordnung 3 &#8211; 3 &#8211; 3<br \/>\nca. 1,5 m Ladefl\u00e4che<br \/>\n<strong>mit<\/strong> Anh\u00e4ngerkupplung<br \/>\nAuf Anfrage mit Schneeketten<br \/>\nSitze k\u00f6nnen nicht ausgebaut werden, das Fahrzeug steht nur als Personentransporter zur Verf\u00fcgung.<\/p>\n<p>Bitte beachten Sie die <a href=\"http:\/\/die-fairleiher.de\/wp-content\/uploads\/2014\/07\/verleihbedingungen_busse_Fairleiher.pdf\" target=\"_blank\">Verleihbedingungen<\/a><\/p>\n","protected":false},"excerpt":{"rendered":"<p>Mercedes Vito Kennzeichen: S- JR 29 9 Sitzer, Sitzordnung 3 &#8211; 3 &#8211; 3 ca. 1 m Ladefl\u00e4che mit Anh\u00e4ngerkupplung Auf Anfrage mit Schneeketten Sitze k\u00f6nnen nicht ausgebaut werden, das Fahrzeug steht nur als Personentransporter zur Verf\u00fcgung. Mercedes Sprinter Kennzeichen: &hellip; <a href=\"http:\/\/die-fairleiher.de\/?page_id=25\">Weiterlesen <span class=\"meta-nav\">&rarr;<\/span><\/a><\/p>\n","protected":false},"author":3,"featured_media":0,"parent":22,"menu_order":10,"comment_status":"closed","ping_status":"open","template":"","meta":{"footnotes":""},"class_list":["post-25","page","type-page","status-publish","hentry"],"_links":{"self":[{"href":"http:\/\/die-fairleiher.de\/index.php?rest_route=\/wp\/v2\/pages\/25","targetHints":{"allow":["GET"]}}],"collection":[{"href":"http:\/\/die-fairleiher.de\/index.php?rest_route=\/wp\/v2\/pages"}],"about":[{"href":"http:\/\/die-fairleiher.de\/index.php?rest_route=\/wp\/v2\/types\/page"}],"author":[{"embeddable":true,"href":"http:\/\/die-fairleiher.de\/index.php?rest_route=\/wp\/v2\/users\/3"}],"replies":[{"embeddable":true,"href":"http:\/\/die-fairleiher.de\/index.php?rest_route=%2Fwp%2Fv2%2Fcomments&post=25"}],"version-history":[{"count":9,"href":"http:\/\/die-fairleiher.de\/index.php?rest_route=\/wp\/v2\/pages\/25\/revisions"}],"predecessor-version":[{"id":166,"href":"http:\/\/die-fairleiher.de\/index.php?rest_route=\/wp\/v2\/pages\/25\/revisions\/166"}],"up":[{"embeddable":true,"href":"http:\/\/die-fairleiher.de\/index.php?rest_route=\/wp\/v2\/pages\/22"}],"wp:attachment":[{"href":"http:\/\/die-fairleiher.de\/index.php?rest_route=%2Fwp%2Fv2%2Fmedia&parent=25"}],"curies":[{"name":"wp","href":"https:\/\/api.w.org\/{rel}","templated":true}]}}

<div id="attachment_61" style="width: 1034px" class="wp-caption alignnone"><a href="http://die-fairleiher.de/wp-content/uploads/2014/07/Bus.png"><img loading="lazy" decoding="async" aria-describedby="caption-attachment-61" class=" wp-image-61 " alt="Mercedes Vito" src="http://die-fairleiher.de/wp-content/uploads/2014/07/Bus.png" width="1024" height="768" srcset="http://die-fairleiher.de/wp-content/uploads/2014/07/Bus.png 1024w, http://die-fairleiher.de/wp-content/uploads/2014/07/Bus-300x225.png 300w, http://die-fairleiher.de/wp-content/uploads/2014/07/Bus-400x300.png 400w" sizes="auto, (max-width: 1024px) 100vw, 1024px" /></a><p id="caption-attachment-61" class="wp-caption-text">Mercedes Vito, 9-sitzer für Personentransport</p></div>
<p><strong>Mercedes Vito</strong><br />
Kennzeichen: S- JR 29<br />
9 Sitzer, Sitzordnung 3 &#8211; 3 &#8211; 3<br />
ca. 1 m Ladefläche<br />
<strong>mit</strong> Anhängerkupplung<br />
Auf Anfrage mit Schneeketten<br />
Sitze können nicht ausgebaut werden, das Fahrzeug steht nur als Personentransporter zur Verfügung.</p>
<p><strong>Mercedes Sprinter</strong><br />
Kennzeichen: S- JR 19<br />
9 Sitzer, Sitzordnung 3 &#8211; 3 &#8211; 3<br />
ca. 1,5 m Ladefläche<br />
<strong>mit</strong> Anhängerkupplung<br />
Auf Anfrage mit Schneeketten<br />
Sitze können nicht ausgebaut werden, das Fahrzeug steht nur als Personentransporter zur Verfügung.</p>
<p>Bitte beachten Sie die <a href="http://die-fairleiher.de/wp-content/uploads/2014/07/verleihbedingungen_busse_Fairleiher.pdf" target="_blank">Verleihbedingungen</a></p>

<p>Mercedes Vito Kennzeichen: S- JR 29 9 Sitzer, Sitzordnung 3 &#8211; 3 &#8211; 3 ca. 1 m Ladefläche mit Anhängerkupplung Auf Anfrage mit Schneeketten Sitze können nicht ausgebaut werden, das Fahrzeug steht nur als Personentransporter zur Verfügung. Mercedes Sprinter Kennzeichen: &hellip; <a href="http://die-fairleiher.de/?page_id=25">Weiterlesen <span class="meta-nav">&rarr;</span></a></p>
